ist the prime factors of 4269.
3, 1423
List the prime factors of 1598.
2, 17, 47
List the prime factors of 659.
659
List the prime factors of 4313.
19, 227
What are the prime factors of 24180?
2, 3, 5, 13, 31
What are the prime factors of 514?
2, 257
List the prime factors of 10945.
5, 11, 199
What are the prime factors of 84085?
5, 67, 251
What are the prime factors of 104588?
2, 11, 2377
What are the prime factors of 5478?
2, 3, 11, 83
List the prime factors of 1368.
2, 3, 19
What are the prime factors of 84092?
2, 21023
List the prime factors of 66623.
17, 3919
List the prime factors of 9991.
97, 103
What are the prime factors of 852?
2, 3, 71
List the prime factors of 14592.
2, 3, 19
What are the prime factors of 655?
5, 131
List the prime factors of 64471.
11, 5861
List the prime factors of 86.
2, 43
List the prime factors of 3696.
2, 3, 7, 11
What are the prime factors of 894?
2, 3, 149
List the prime factors of 2507.
23, 109
List the prime factors of 16362.
2, 3, 101
What are the prime factors of 116?
2, 29
What are the prime factors of 2863?
7, 409
What are the prime factors of 744?
2, 3, 31
What are the prime factors of 8323?
7, 29, 41
What are the prime factors of 46584?
2, 3, 647
What are the prime factors of 6331?
13, 487
List the prime factors of 6089.
6089
What are the prime factors of 604?
2, 151
List the prime factors of 27105.
3, 5, 13, 139
What are the prime factors of 7684?
2, 17, 113
List the prime factors of 63024.
2, 3, 13, 101
What are the prime factors of 874?
2, 19, 23
List the prime factors of 1209.
3, 13, 31
What are the prime factors of 5098?
2, 2549
List the prime factors of 5206.
2, 19, 137
What are the prime factors of 9636?
2, 3, 11, 73
List the prime factors of 3375.
3, 5
What are the prime factors of 1047?
3, 349
List the prime factors of 2764.
2, 691
What are the prime factors of 1853?
17, 109
What are the prime factors of 95306?
2, 47653
What are the prime factors of 50002?
2, 23, 1087
List the prime factors of 1617.
3, 7, 11
What are the prime factors of 8945?
5, 1789
What are the prime factors of 1324?
2, 331
What are the prime factors of 10034?
2, 29, 173
List the prime factors of 1223.
1223
List the prime factors of 11752.
2, 13, 113
List the prime factors of 2295.
3, 5, 17
What are the prime factors of 20513?
73, 281
What are the prime factors of 2841?
3, 947
List the prime factors of 12743.
12743
List the prime factors of 3513.
3, 1171
What are the prime factors of 42397?
42397
List the prime factors of 2847.
3, 13, 73
List the prime factors of 856.
2, 107
List the prime factors of 4528.
2, 283
What are the prime factors of 59806?
2, 17, 1759
List the prime factors of 3317.
31, 107
What are the prime factors of 16993?
16993
List the prime factors of 51184.
2, 7, 457
List the prime factors of 12938.
2, 6469
What are the prime factors of 4489?
67
What are the prime factors of 8709?
3, 2903
What are the prime factors of 26017?
26017
List the prime factors of 31103.
19, 1637
What are the prime factors of 762?
2, 3, 127
List the prime factors of 1006.
2, 503
List the prime factors of 2457.
3, 7, 13
List the prime factors of 1901.
1901
What are the prime factors of 106?
2, 53
List the prime factors of 2610.
2, 3, 5, 29
List the prime factors of 12991.
11, 1181
List the prime factors of 5787.
3, 643
What are the prime factors of 435?
3, 5, 29
What are the prime factors of 27773?
27773
List the prime factors of 4525.
5, 181
What are the prime factors of 18575?
5, 743
What are the prime factors of 6511?
17, 383
List the prime factors of 146575.
5, 11, 13, 41
What are the prime factors of 963?
3, 107
List the prime factors of 1165.
5, 233
List the prime factors of 160345.
5, 32069
List the prime factors of 927.
3, 103
List the prime factors of 44373.
3, 7, 2113
List the prime factors of 6778.
2, 3389
List the prime factors of 15415.
5, 3083
What are the prime factors of 1545?
3, 5, 103
What are the prime factors of 2595?
3, 5, 173
List the prime factors of 7673.
7673
What are the prime factors of 4486?
2, 2243
What are the prime factors of 1289?
1289
List the prime factors of 48090.
2, 3, 5, 7, 229
What are the prime factors of 125320?
2, 5, 13, 241
What are the prime factors of 21019?
21019
What are the prime factors of 1934?
2, 967
List the prime factors of 2361.
3, 787
List the prime factors of 14093.
17, 829
List the prime factors of 1301.
1301
What are the prime factors of 69660?
2, 3, 5, 43
List the prime factors of 79179.
3, 26393
What are the prime factors of 55521?
3, 31, 199
What are the prime factors of 2043?
3, 227
What are the prime factors of 70085?
5, 107, 131
List the prime factors of 23074.
2, 83, 139
List the prime factors of 2194.
2, 1097
List the prime factors of 4926.
2, 3, 821
What are the prime factors of 10333?
10333
What are the prime factors of 48364?
2, 107, 113
What are the prime factors of 15456?
2, 3, 7, 23
What are the prime factors of 896?
2, 7
What are the prime factors of 50119?
50119
What are the prime factors of 5278?
2, 7, 13, 29
What are the prime factors of 249?
3, 83
What are the prime factors of 6604?
2, 13, 127
List the prime factors of 71811.
3, 79, 101
What are the prime factors of 6456?
2, 3, 269
List the prime factors of 15933.
3, 47, 113
List the prime factors of 24575.
5, 983
What are the prime factors of 1724?
2, 431
List the prime factors of 10369.
10369
What are the prime factors of 32?
2
What are the prime factors of 9045?
3, 5, 67
What are the prime factors of 10027?
37, 271
What are the prime factors of 1760?
2, 5, 11
List the prime factors of 5059.
5059
What are the prime factors of 592?
2, 37
List the prime factors of 4698.
2, 3, 29
List the prime factors of 3197.
23, 139
What are the prime factors of 10889?
10889
What are the prime factors of 740?
2, 5, 37
What are the prime factors of 40906?
2, 113, 181
What are the prime factors of 12415?
5, 13, 191
What are the prime factors of 1776?
2, 3, 37
What are the prime factors of 21912?
2, 3, 11, 83
List the prime factors of 49324.
2, 11, 19, 59
List the prime factors of 489.
3, 163
List the prime factors of 1929.
3, 643
List the prime factors of 71855.
5, 7, 2053
What are the prime factors of 8466?
2, 3, 17, 83
List the prime factors of 13711.
13711
What are the prime factors of 116?
2, 29
What are the prime factors of 2213?
2213
List the prime factors of 35835.
3, 5, 2389
List the prime factors of 15618.
2, 3, 19, 137
List the prime factors of 543.
3, 181
What are the prime factors of 38723?
38723
What are the prime factors of 5702?
2, 2851
List the prime factors of 34520.
2, 5, 863
List the prime factors of 1178.
2, 19, 31
What are the prime factors of 30302?
2, 109, 139
List the prime factors of 356.
2, 89
List the prime factors of 21219.
3, 11, 643
List the prime factors of 17062.
2, 19, 449
What are the prime factors of 132526?
2, 23, 43, 67
List the prime factors of 2774.
2, 19, 73
List the prime factors of 446.
2, 223
List the prime factors of 62981.
62981
What are the prime factors of 2043?
3, 227
List the prime factors of 1761.
3, 587
What are the prime factors of 122?
2, 61
What are the prime factors of 20746?
2, 11, 23, 41
List the prime factors of 3096.
2, 3, 43
What are the prime factors of 2029?
2029
What are the prime factors of 40942?
2, 11, 1861
What are the prime factors of 73194?
2, 3, 11, 1109
List the prime factors of 3528.
2, 3, 7
What are the prime factors of 1553?
1553
What are the prime factors of 27028?
2, 29, 233
List the prime factors of 26434.
2, 13217
What are the prime factors of 8865?
3, 5, 197
List the prime factors of 24269.
7, 3467
List the prime factors of 45365.
5, 43, 211
What are the prime factors of 4370?
2, 5, 19, 23
List the prime factors of 14921.
43, 347
List the prime factors of 1684.
2, 421
List the prime factors of 21534.
2, 3, 37, 97
What are the prime factors of 2854?
2, 1427
What are the prime factors of 7445?
5, 1489
List the prime factors of 2277.
3, 11, 23
What are the prime factors of 4287?
3, 1429
List the prime factors of 63872.
2, 499
List the prime factors of 33705.
3, 5, 7, 107
List the prime factors of 6513.
3, 13, 167
What are the prime factors of 8503?
11, 773
What are the prime factors of 2158?
2, 13, 83
List the prime factors of 2058.
2, 3, 7